1578353 composite?
True
Is 200153 a prime number?
True
Is 311533 composite?
False
Is 169181 prime?
True
Is 154793 composite?
True
Is 6839 a composite number?
True
Is 25178 composite?
True
Is 4421 prime?
True
Is 1587701 a prime number?
True
Is 734803 a prime number?
True
Is 564647 a composite number?
True
Is 16771 a prime number?
False
Is 133241 prime?
True
Is 22343 composite?
False
Is 111887 prime?
False
Is 32353 a composite number?
False
Is 813103 composite?
True
Is 22535 a prime number?
False
Is 16493 prime?
True
Is 14395 a composite number?
True
Is 101069 composite?
True
Is 398143 a composite number?
False
Is 7197 composite?
True
Is 4381 a composite number?
True
Is 290923 prime?
True
Is 19733 a prime number?
False
Is 47567 a composite number?
True
Is 68947 a prime number?
True
Is 673 composite?
False
Is 2333 composite?
False
Is 506189 a prime number?
False
Is 50411 prime?
True
Is 45226 prime?
False
Is 2437 a composite number?
False
Is 14173 a composite number?
False
Is 1754 composite?
True
Is 1605369 composite?
True
Is 314654 prime?
False
Is 9059 a prime number?
True
Is 40351 a composite number?
False
Is 12743 composite?
False
Is 6274 composite?
True
Is 474729 a composite number?
True
Is 8354 prime?
False
Is 4391 a prime number?
True
Is 388243 prime?
False
Is 199033 a prime number?
True
Is 63241 composite?
False
Is 4714 a prime number?
False
Is 9491 prime?
True
Is 15359 a composite number?
False
Is 378577 a composite number?
True
Is 14963 a composite number?
True
Is 25301 a prime number?
True
Is 1599067 a composite number?
False
Is 91619 composite?
True
Is 27059 prime?
True
Is 6051 a composite number?
True
Is 387967 a composite number?
False
Is 4091 composite?
False
Is 14599 a prime number?
False
Is 383573 prime?
True
Is 583207 composite?
False
Is 5433 prime?
False
Is 398761 a prime number?
False
Is 468289 prime?
True
Is 107083 prime?
False
Is 14395 composite?
True
Is 395069 a composite number?
False
Is 339257 composite?
False
Is 339637 a composite number?
False
Is 6469 a composite number?
False
Is 13963 prime?
True
Is 225287 prime?
True
Is 55747 a composite number?
True
Is 90187 prime?
True
Is 215051 a composite number?
False
Is 1764983 a prime number?
False
Is 1240793 prime?
True
Is 933 prime?
False
Is 11699 a prime number?
True
Is 19967 prime?
False
Is 88321 composite?
False
Is 594329 prime?
True
Is 4638677 composite?
False
Is 21059 a prime number?
True
Is 936779 composite?
False
Is 11959 prime?
True
Is 113455 a prime number?
False
Is 32173 a composite number?
False
Is 20299 a composite number?
True
Is 493 a composite number?
True
Is 596561 prime?
False
Is 3899 prime?
False
Is 322087 a composite number?
True
Is 1441 prime?
False
Is 1232291 prime?
True
Is 27718 prime?
False
Is 7123 composite?
True
Is 51253 a composite number?
True
Is 79441 a prime number?
False
Is 49451 a prime number?
True
Is 415641 prime?
False
Is 586769 a prime number?
True
Is 13157 prime?
False
Is 5953 a composite number?
False
Is 72367 a prime number?
True
Is 13927 prime?
False
Is 326615 a composite number?
True
Is 4547 a composite number?
False
Is 613 prime?
True
Is 869339 a prime number?
True
Is 9527 prime?
False
Is 771 a prime number?
False
Is 48071 a prime number?
False
Is 86363 a prime number?
False
Is 1800301 a composite number?
False
Is 3247 a composite number?
True
Is 10973 composite?
False
Is 7177 a composite number?
False
Is 278449 a prime number?
False
Is 50187 a composite number?
True
Is 3407 a composite number?
False
Is 372223 a prime number?
True
Is 107441 a prime number?
True
Is 9151 a composite number?
False
Is 70865 a composite number?
True
Is 680573 a prime number?
False
Is 48938 composite?
True
Is 33287 a composite number?
False
Is 16321 prime?
False
Is 915163 composite?
True
Is 1806577 prime?
False
Is 2077583 prime?
True
Is 145307 a prime number?
True
Is 3413 a composite number?
False
Is 4555 a composite number?
True
Is 92969 composite?
True
Is 106451 a composite number?
False
Is 96911 a prime number?
True
Is 55987 a prime number?
True
Is 299917 a composite number?
True
Is 122377 a composite number?
True
Is 6449 a composite number?
False
Is 32869 a prime number?
True
Is 17863 a composite number?
False
Is 14983 a prime number?
True
Is 787 composite?
False
Is 302801 a prime number?
True
Is 91909 composite?
False
Is 103289 composite?
False
Is 3551 composite?
True
Is 46253 a prime number?
False
Is 293 composite?
False
Is 91229 a prime number?
True
Is 31831 prime?
False
Is 1513 a prime number?
False
Is 801155 a composite number?
True
Is 131073 a prime number?
False
Is 109911 a composite number?
True
Is 69883 a composite number?
True
Is 110155 composite?
True
Is 16973 composite?
True
Is 39293 prime?
True
Is 71663 prime?
True
Is 90385 composite?
True
Is 39929 a prime number?
True
Is 6832411 composite?
False
Is 22619 composite?
False
Is 56939 composite?
True
Is 132101 prime?
False
Is 244031 a prime number?
False
Is 2493667 a prime number?
False
Is 213589 a prime number?
True
Is 15917 a composite number?
True
Is 1277957 a composite number?
False
Is 422611 a composite number?
True
Is 1115 prime?
False
Is 233309 composite?
True
Is 367949 a composite number?
False
Is 13105 composite?
True
Is 1178669 prime?
True
Is 291 prime?
False
Is 18413 a composite number?
False
Is 840289 composite?
False
Is 2817239 a composite number?
False
Is 91207 composite?
True
Is 314609 a composite number?
True
Is 3493 composite?
True
Is 5017 prime?
False
Is 53681 a composite number?
False
Is 67661 a prime number?
False
Is 10729 prime?
True
Is 32873 a prime number?
False
Is 98041 prime?
True
Is 1979539 a prime number?
True
Is 8363 a composite number?
False
Is 40343 a prime number?
True
Is 802709 a prime number?
True
Is 25697 prime?
False
Is 144479 a prime number?
True
Is 3557551 composite?
False
Is 232031 composite?
True
Is 24793 composite?
False
Is 2195131 a prime number?
False
Is 38281 a composite number?
False
Is 204083 a prime number?
False
Is 3694 composite?
True
Is 1726627 composite?
True
Is 24949 a composite number?
True
Is 26981 a composite number?
False
Is 1954 prime?
False
Is 15299 a composite number?
False
Is 47921 prime?
False
Is 171341 prime?
True
Is 24343 a composite number?
True
Is 104267 a prime number?
False
Is 17291 composite?
False
Is 361283 a composite number?
True
Is 16294 composite?
True
Is 6689 prime?
True
Is 91393 composite?
False
Is 275489 prime?
True
Is 37883 a prime number?
False
Is 13967 a prime number?
True
Is 540901 a composite number?
False
Is 64849 a composite number?
False
Is 190507 composite?
False
Is 472881 a prime number?
False
Is 25409 a composite number?
False
Is 398773 composite?
True
Is 582371 a prime number?
True
Is 535343 prime?
False
Is 293785 prime?
False
Is 179 a prime number?
True
Is 97103 composite?
False
Is 409 composite?
False
Is 10799 a prime number?
True
Is 349237 a prime number?
False
Is 1683697 composite?
True
Is 1115189 composite?
False
Is 1501601 a composite number?
True
Is 33661 a prime number?
False
Is 1618 a prime number?
False
Is 817237 composite?
False
Is 44923 a composite number?
True
Is 31367 a prime number?
False
Is 302606 composite?
True
Is 6803 composite?
False
Is 35339 prime?
True
Is 132299 a composite number?
False
Is 438811 a prime number?
False
Is 120781 prime?
False
Is 64301 prime?
True
Is 34841 a composite number?
False
Is 946707 composite?
True
Is 10027 a prime number?
False
Is 41423 a prime number?
False
Is 407471 a composite number?
False
Is 141313 prime?
False
Is 168391 a prime number?
True
Is 150899 composite?
True
Is 4577821 composite?
False
Is 1654097 composite?
True
Is 143 composite?
True
Is 10841 composite?
True
Is 214777 a composite number?
True
Is 26083 a composite number?
False
Is 24143 a prime number?
False
Is 101627 a composite number?
False
Is 72043 composite?
False
Is 20287 a prime number?
True
Is 271753 a composite number?
False
Is 1181183 a prime number?
True
Is 489043 a composite number?
False
Is 743713 a prime number?
False
Is 902087 prime?
True
Is 84395 a composite number?
True
Is 49249 composite?
True
Is 846493 composite?
False
Is 61169 a composite number?
False
Is 73813 prime?
False
Is 38039 a prime number?
True
Is 36721 prime?
True
Is 1229453 a prime number?
True
Is 18467 prime?
False
